-2 + -3 + -2?
9
-3 - ((-1 - 1) + 4) - -4
-1
What is the value of (9 - (3 + 6 + -5)) + -11?
-6
Calculate 10 - (14 + (0 - 7)).
3
What is 9 + -11 + 5 + -7?
-4
What is the value of -8 - ((-1 - -6) + -2 - 6)?
-5
What is -7 - ((-9 - (-7 - -4)) + -4)?
3
Evaluate 5 - (-5 - -6 - 2).
6
What is the value of (1 - 4) + 8 - 1?
4
-15 - (-23 + 13 - (-5 + 3))
-7
What is the value of 1 + (-3 - 0 - -4) + -4?
-2
Calculate 6 - (5 - -1) - -1 - 5.
-4
Calculate -7 - -6 - -3 - (0 - 0).
2
-18 + (-10 - -18) + 5
-5
Calculate (-52 - -49) + (0 - 2).
-5
Calculate 6 + -1 + 1 + (-222 - -216).
0
What is the value of 9 + -6 + -9 + 8?
2
Evaluate 2 - (3 + -4) - 0 - -1.
4
What is the value of (7 - (17 + -11)) + (2 - 1)?
2
Calculate -11 + 7 - (0 - 11) - 2.
5
Calculate 6 + (7 - 11) + -1.
1
(22 - 23) + 5 + -6
-2
Calculate 2 + -2 + 1 + (-123 - -118).
-4
7 - (3 + -5 + (2 - -2))
5
Evaluate -4 + 1 + 4 + -4 + 5.
2
Calculate -6 - (3 - (7 - 3)).
-5
What is the value of -4 - (12 - 12 - (4 - 0))?
0
What is 0 + -1 - (70 + -68)?
-3
-1 + -1 + 0 + 0
-2
What is the value of 0 - (-1 - 5) - 2?
4
What is the value of 6 + -11 - (-2 + 1)?
-4
What is 12 + -9 + (-1 - (-3 + 7))?
-2
What is -1 - (-7 + 11) - -7?
2
What is (-1 - (0 + 3 - 1)) + -1?
-4
Calculate (-1 - 0 - 2) + -2.
-5
What is the value of 0 - (-11 - (6 + -10))?
7
Calculate 238 - 225 - (0 + 3).
10
What is the value of 1 + (-1 - (2 - 3))?
1
What is (2 - 0) + 4 + -2?
4
What is -4 + -5 - (5 - 11)?
-3
(-2 - 2) + -1 + 2 - -1
-2
What is the value of -3 + 6 + (-1 - 2)?
0
(0 - (4 + -3 - -2)) + 8
5
Calculate 3 + -2 - -1 - (14 - 8).
-4
Calculate 0 + (-8 - -16) + -7.
1
Calculate 3 + -2 - (-1 - 0).
2
What is 1 + 4 + 1 - (2 + 6)?
-2
Evaluate -6 - -1 - (6 + -15 + 10).
-6
Calculate -17 - -17 - (-10 - -8).
2
Evaluate -7 - (-4 + -4 + 4).
-3
Evaluate 7 + (7 - (6 + -2) - 5).
5
What is 9 + 5 + -6 + 0?
8
0 + (5 + -6 - -5)
4
What is (2 - (3 + -2)) + 3?
4
What is the value of -2 + 5 + (2 - 4) + -2?
-1
Evaluate -3 + (1 - (2 - 3)).
-1
Evaluate -1 + 6 + (4 - (-5 - -12)).
2
Evaluate (-1 - 2) + 9 + -5.
1
What is -5 - (-5 + -1) - -3?
4
What is the value of 1 + 0 + -5 - (1 + 0)?
-5
(1 - 3) + (1 - 4)
-5
20 + -1 - (13 + -2)
8
What is the value of -5 + 4 - (-7 - -3)?
3
Calculate (0 - 0) + 4 - 2.
2
What is (-1 - 1) + (17 - 17)?
-2
What is -10 + 19 - (0 + 11)?
-2
What is the value of (32 + -31 - (1 - -1)) + -5?
-6
What is -7 - (-17 + 6 - -6)?
-2
Evaluate (-1 - (5 - 6)) + -1 + -3.
-4
What is -67 + 80 + (-6 - 2)?
5
Calculate (-1 - -11 - 9) + -6.
-5
-16 + (9 - (10 - 9))
-8
-1 + (8 - 3) + -1
3
What is the value of -3 - (-8 + 2 + 7)?
-4
Calculate 71 + -77 + (0 - -4).
-2
Calculate 3 - 4 - -3 - (5 + 2).
-5
-6 - (-1 - (1 - 0))
-4
What is -267 + 269 + (3 - (0 + 0))?
5
What is 1 - (-4 + -2) - 1 - 3?
3
Evaluate -10 - (3 + -5) - -5.
-3
What is -1 + 0 - (-10 + 5)?
4
What is the value of -60 + 64 + (-8 - 2)?
-6
What is (8 - (1 - -1)) + (-3 - 10)?
-7
What is the value of 7 + -2 + -11 + 7?
1
What is -47 + 52 + (0 - -1 - 1)?
5
What is -1 + -9 + 6 + 4?
0
(-3 - -7) + -1 + 5
8
What is (-2 + 1 - (6 + -8)) + -2?
-1
Calculate 14 + -3 - (5 + -15 + 17).
4
Evaluate -9 + (6 - 5) - (-2 + -2).
-4
2 + -3 + 4 - 5 - -3
1
Evaluate 1 - (1 + (-2 - -8)).
-6
What is (6 - -2) + -1 - (25 + -21)?
3
Calculate (0 - -2) + -4 + 1 + 5.
4
What is -6 + -2 - -6 - 4?
-6
1 - (-5 - (11 + -10))
7
What is the value of -3 - (1 + (-7 - 2))?
5
What is (-6 - (-1 + -10)) + 2?
7
(-7 - (-1 + -6)) + -4
-4
Calculate 2 + (-4 - -2 - -1) - 2.
-1
Calculate 6 + -8 + -1 + -13 + 19.
3
What is 2 + (-8 - -4) - -6?
4
Calculate (1 - -2 - 12 - -6) + 4.
1
Evaluate (3 - 4) + 2 + -4 - -2.
-1
Calculate 0 + (-2 - (3 - (-4 - -7))).
-2
Evaluate 3 - ((-9 - -2) + 7).
3
What is -28 + 43 - (8 + 4)?
3
Evaluate 1 + -5 + (8 - 3).
1
Evaluate -1 + (0 - -4) + -3.
0
What is the value of (5 - 0) + -6 + 3 + 1?
3
What is the value of 11 + -9 - ((2 - 3) + -4)?
7
Evaluate 0 - 0 - 1 - (0 + -2).
1
5 + (-1 - 1 - (9 + -7))
1
What is 1 + (4 - (4 - -3))?
-2
5 + -4 + -5 + 1 + -2
-5
-3 + 10 + -2 + -2
3
3 + -2 + (6 + -1 - 0)
6
Evaluate -4 + 2 + 8 + -5.
1
What is the value of (1 - -1) + (-5 - (-1 - 0))?
-2
What is -9 - (5 - (16 - 5))?
-3
20 + -9 - 15 - (-1 - 0)
-3
What is the value of 3 + -7 + (-5 - (-1 + -1))?
-7
What is the value of (-4 + 9 - -3) + -10?
-2
1 + -2 - (5 + -1 - 4)
-1
2 + 0 - 3 - -3 - 7
-5
Calculate -1 - (-1 - -2 - 3).
1
What is the value of (11 + 0 + -5 - 0) + -6?
0
6 - (-2 - (5 - 8))
5
Calculate 2 - -6 - (13 + -1).
-4
What is 4 + 1 + 0 + -11?
-6
What is the value of (0 - (-5 - -1)) + 1?
5
Evaluate 1 + (-1 - 5 - -3).
-2
Calculate -5 - (-23 + 4 + 5).
9
What is 0 - 5 - -2 - -2 - -3?
2
What is (-1 - 10) + (6 - -5 - 3)?
-3
-9 + -1 + 1 + 8 + -5
-6
What is the value of 6 + (0 - 0 - 1)?
5
(-1 - 1 - -1) + 2 + -1
0
Evaluate 8 + (-3 + -1 - (-3 - -3)).
4
Calculate 0 - ((-2 - -2) + 7).
-7
-6 + -11 + 7 + 1 - -3
-6
What is the value of 10 - 4 - (-5 + 8) - -3?
6
Evaluate -7 - (-1 + -8) - 0.
2
5 + (3 + 1 - (20 - 9))
-2
What is 3 + 5 - (-3 - (4 - 7))?
8
Calculate (1 - (-8 + -2)) + -6.
5
Calculate 3 + (-5 - (-4 + 3)) + -4.
-5
-4 + (-1 - 1 - -5)
-1
Evaluate 3 + (-3 - (1 - (0 - 2))).
-3
Evaluate 3 + -3 + 2 - 4.
-2
What is the value of -2 + -2 + 6 + (-1 - -4)?
5
What is -9 + -6 + 12 + (5 - 1)?
1
Calculate -1 + (3 - 2) + (-3 - -2).
-1
What is -1 + -6 + (-5 + 18 - 7)?
-1
What is the value of -3 - (-1 + -3 - -3 - 2)?
0
What is the value of 1 + 1 + (4 - 10) + 3?
-1
What is the value of -5 - (5 + -4) - -9?
3
Evaluate 9 - ((12 - 4) + -3 - 2).
6
What is the value of -2 + (-3 - (-4 + 3))?
-4
What is 0 - (3 + 3) - -2?
-4
Evaluate 2 - (7 + -3) - (1 - 2).
-1
-5 + (-1 - -5) + -6 + 6
-1
(-5 - 0) + (3 - -2)
0
What is -14 + 9 + -1 + (3 - -1)?
-2
-11 + 7 - (0 + -3 + 6)
-7
What is the value of -1 - (3 - 4 - (4 - 1))?
3
What is the value of 6 - ((-4 - 0) + 9)?
1
What is the value of -1 + (-4 - (-2 - -1))?
-4
Calculate -31 - -22 - (2 + -18).
7
Evaluate (4 - -2) + 2 + (5 - 10).
3
What is the value of 3 + (-5 - (-2 - -5 - 3))?
-2
1 - 4 - (65 + -69)
1
Calculate -5 - ((-4 - 4) + 1 + 8).
-6
-2 - (1 + (3 - 5 - -1))
-2
Evaluate (-8 - (-4 - 3)) + -3 + 3.
-1
Evaluate (2 - 2) + (3 - 6) - -2.
-1
-8 - (-7 - -2) - 3
-6
Calculate (1 - 2) + 1 - (3 + -8).
5
What is the value of 11 - (0 + 9 - -7)?
-5
What is the value of -1 + -1 - (2 + 0)?
-4
-3 + (-3 - -4) + -1 - -2
-1
What is the value of -3 + 5 + -1 + 4?
5
What is 0 - ((2 - 0) + (16 - 13))?
-5
1 + 3 + 0 + (3 - 2)
5
Calculate 7 + -6 + 1 + 58 + -57.
3
(3 - (5 + 0)) + (2 - 3)
-3
What is 5 + (-4 - -11) + -6?
6
What is the value of (22 + -13 - 15) + 8?
2
16 + (-5 - 3) + 0
8
What is the value of -11 - -13 - -1 - 3?
0
(1 - (-2 + 3)) + 5 + -4
1
Calculate (-5 + 2 + 7 - -2) + 0.
6
Evaluate -6 - (6 - 6 - (-1 - -3)).
-4
Calculate 3 + 0 + (-3 - 1) + -1.
-2
What is the value of 4 + 0 - 4 - 4?
-4
What is the value of 0 - (-1 + -3 + (-8 - -14))?
-2
0 + (-3 + 3 - (-1 - -2))
-1
What is 4 - (15 + -20 + 8 + 1)?
0
Calculate (9 - -1 - -3) + -12.
1
3 + -2 + (-4 - (-8 - -4))
1
What is the value of 1 - (-1 + 4) - (-1 + 2)?
-3
Evaluate -7 + 0 - (46 - 46) - 2.
-9
What is the value of 2 + (-4 - -6) + -8?
-4
What is 20 + -25 - (-1 - 3) - 2?
-3
Evaluate ((1 - 1) + 3 - 2) + 0.
1
What is -4 + -3 + -1 + 7?
-1
What is -11 - -7 - (-7 - 0)?
3
What is 7 + -17 + (18 - 8)?
0
Calculate -6 + 0 + -36 + 46.
4
(-5 - 3) + (-1 + 11 - 10)
-8
Evaluate 3 + -5 + -7 + 9 + 5.
5
Evaluate (-10 - -3) + 22 + -3 + -1.
11
(-5 - (-7 + (-4 - 1))) + -1
6
Calculate 13 + -2 - ((-14 - -5) + 12).
8
Calculate 8 + -8 + 3 + -5.
-2
What is 4 + (4 - (4 + -2 + -4))?
10
What is (-4 + (4 - 3) - -4) + 1?
2
What is the value of (-6 - (-5 - 0)) + -5 + 11?
5
Calculate 4 + -8 + (0 - -2).
-2
2 - (-5 - -8) - (8 - 3)
-6
What is -3 + 4 + -3 - -2?
0
Calculate -1 + (-5 - (-5 - -3)).
-4
Calculate 8 + (1 - 7) + -1 + -1.
0
(11 - 24 - -4) + 0 + 5
-4
Evaluate -5 - (-5 - ((-4 - 8) + 5)).
-7
Evaluate 16 + -11 - (8 - -2).
-5
Calculate 27 + -18 + (-5 + 3 - 3).
4
What is the value of 6 - (5 + (-9 - -7))?
3
Calculate 3 + (5 - (4 + -1 + 4)).
1
7 + (19 - 28) + (0 - 5)
-7
What is the value of -5 + 14 - -2 - (2 + 2)?
7
7 + (-5 - (3 - -2))
-3
Evaluate 6 + (-6 - 2) + 5.
3
Evaluate 1 + ((0 - -2) + 0 - 1).
2
Evaluate -2 - (-2 - (-4 - -2)).
-2
What is -7 + 2 - 0 - -1?
-4
What is 9 - (12 + -16 + 9)?
4
-1 - (1 + -2 - -2)
-2
Evaluate (-12 - 1) + (16 - -3).
6
(-7 + -2 - -1